on factor of u and b.
1
Let x be ((-14)/(-56))/(2/40). Suppose 2*p = -5*y + 108, -p - x*y + 8 = -46. Let v be (-54)/(1*4/(-6)). Calculate the highest common factor of p and v.
27
Suppose 3*j - 5 = -5*i, -4*j - 4 = 3*i + i. Let a be i/(7 - 3) + -12. Let s = a + 13. What is the greatest common divisor of 20 and s?
2
Let d(g) = -g + 1. Let v be d(1). Suppose 2*s + s - 84 = v. Suppose -s = -z + 44. Calculate the highest common factor of z and 8.
8
Suppose -i = -6*i + 230. What is the greatest common divisor of 322 and i?
46
Let o be (-1*(8 + -2))/(-1). Suppose 0 = -103*p - 42*p + 3045. Calculate the highest common factor of o and p.
3
Suppose -50*n + 6600 = -35*n. What is the highest common factor of n and 550?
110
Suppose -235 = -s + x, 46*s - 1193 = 41*s - x. Calculate the highest common divisor of s and 17.
17
Suppose 7*q - 4*s - 495 - 3703 = 0, -5*q + s + 3006 = 0. Calculate the highest common divisor of q and 14.
14
Suppose -2*j - 32 = -4*h - 0*j, h + 3 = -5*j. Suppose -4*n = 3*o - 133, -n + 1780*o = 1777*o - 7. Calculate the greatest common divisor of h and n.
7
Suppose -z + 2*g - g = -9, -3 = -z + 4*g. Let s = -180 - -104. Let q = 12 - s. What is the highest common divisor of q and z?
11
Let c be (-126)/28*(-4)/(-6). Let r be 1*c/(-6)*6. Suppose v + 27 = 4*v. Calculate the greatest common divisor of v and r.
3
Let p be (-1644)/(-7) - (2024/(-154) - -14). Calculate the greatest common factor of p and 54.
18
Let p(i) = i**2 + 6*i + 8. Let k be p(-5). Suppose -k*y - y + 400 = 0. Let l = 186 + y. Calculate the highest common factor of l and 26.
26
Let a = 3 + -90. Let r = a + 132. Calculate the highest common factor of 15 and r.
15
Suppose j + 16 = 2*u, -5*j + 19 = 3*u - 4*j. Calculate the highest common factor of 119 and u.
7
Let t(l) = 3*l + 72. Let a be t(-6). What is the highest common factor of a and 6?
6
Suppose 2*a + 38 - 50 = 0. Calculate the highest common factor of 30 and a.
6
Let r(z) = -z**3 + 7*z**2 + z - 4. Let g be r(7). Suppose g*p = 4*p. Suppose p = 4*n - 26 + 10. What is the greatest common divisor of 16 and n?
4
Let c be (0 + 15)/(442/(-28) + 16). Calculate the highest common factor of c and 980.
70
Let m(b) = -b**3 + 16*b**2 + 66*b - 10. Let a be m(19). What is the greatest common factor of 253 and a?
23
Let a(o) = -o**3 + 3*o**2 + 5*o + 2. Let m be a(4). Suppose -31800 = -7*k - 3*k. Let y be k/105 - 2/7. What is the highest common divisor of y and m?
6
Let c(g) = -2*g + 44. Let n(a) = -a + 23. Let i(x) = 6*c(x) - 11*n(x). Let l be i(9). Calculate the greatest common factor of l and 14.
2
Suppose 12*k - 7*k + 775 = 2*t, -k - 1143 = -3*t. Calculate the highest common factor of 20 and t.
20
Let u(x) = 9*x**2 + 17*x + 34. Let w be u(-2). What is the highest common divisor of w and 84?
12
Let u = -150 + 281. Let i = -121 + u. What is the greatest common divisor of 10 and i?
10
Let s be ((-80)/(-3))/((-1)/(-3)). Suppose -5*g = 2*d - 114 + 9, 0 = 3*d - 2*g - 186. What is the highest common factor of s and d?
20
Let v(b) = -6*b**2 + 5*b - 1. Let k be v(2). Let j = 17 + k. Suppose -4*c + 92 = j*o + 2*o, -4*c - 28 = -o. Calculate the greatest common divisor of o and 216.
24
Suppose -4*v + 6 - 2 = 0. Let k be -3*(-2 + 1) - v. Suppose -k*u - 84 = -4*u. Calculate the greatest common divisor of u and 63.
21
Let y(t) = 3*t**2 + 4*t. Let f be y(-2). Let k be (-259)/(-14) + 6/f. Calculate the highest common factor of 30 and k.
10
Let n be (-10)/(-4)*(-312)/(-6). Let z = n - 110. What is the highest common divisor of 4 and z?
4
Let t be (4/(-6))/(-4 - (-67962)/16992). Calculate the highest common factor of 16 and t.
16
Let b be 0/(-2) - (-252)/28. Calculate the greatest common factor of b and 2.
1
Let c be (-1)/2*12/(-6). Let z be (-3 - -6)/c - 2. Suppose z = -o - 4*h + 8, 3*h = -3*o + 21. Calculate the highest common factor of 56 and o.
7
Let t = -35 - -54. Suppose 23*r - 20 = t*r. Calculate the highest common factor of r and 40.
5
Suppose -10*p = 39 - 129. Suppose -66 - 19 = -5*y. Let m = y - p. Calculate the greatest common divisor of 4 and m.
4
Suppose -9 = -6*l + 5*l. Let a(t) = -32*t - 12. Let v be a(-3). Suppose 5*z = l*z - v. Calculate the greatest common divisor of z and 14.
7
Let i = 144 - 8. Let z be 2/(-7) - 240/(-7). What is the greatest common factor of z and i?
34
Let d = -10 + 15. Let o = d - -8. Let w = o + -8. What is the highest common factor of w and 10?
5
Let b = -714 - -753. What is the greatest common factor of 104 and b?
13
Let g(x) = 4*x - 14. Suppose 6 = 4*z - 14. Let r be g(z). What is the highest common factor of 3 and r?
3
Suppose -144 - 63 = -9*s. Let w = 15 - 10. Suppose -w*r + 853 = 4*b, 0 = -2*b - 4*r + 5*r + 409. Calculate the highest common factor of b and s.
23
Let l be 22/55 - (-66)/10. Suppose -15 = -h + 5*x, 4*x - 21 = -5. What is the highest common factor of h and l?
7
Let r = 5 - -10. Let j = -105 + 165. Calculate the highest common factor of r and j.
15
Let s be (-4 - (1 + -5))*1. Suppose s = -2*m - 11 + 81. Calculate the highest common divisor of m and 7.
7
Let o be -9*(-12)/((-216)/(-30)). What is the highest common factor of 270 and o?
15
Let w be (-21)/3 + (-238)/(-7). Calculate the greatest common divisor of w and 1269.
27
Let u be (3*(-2)/(-9))/(32/6864). Let t be (-13)/2*(0 - 2). What is the highest common factor of t and u?
13
Suppose 80 = 30*k - 26*k. What is the highest common divisor of k and 245?
5
Let y be 0/7 + 10*1. What is the highest common divisor of 250 and y?
10
Let d be 4/(-24) - (1 - 1564/24). Calculate the greatest common factor of 1 and d.
1
Let p(f) = 102*f + 12. Let m be p(2). What is the greatest common factor of m and 270?
54
Let x = 183 - 362. Let c = -29 - x. Calculate the greatest common factor of c and 30.
30
Let x(p) = p**3 + p**2 - p - 4. Let m be x(0). Let w be (10/m)/((-4)/16). Calculate the greatest common factor of 15 and w.
5
Let r(q) = -6*q**3 + 2*q**2 + 4*q - 3. Let l be r(-3). Let v be -5*(-2)/5 + 13. Calculate the highest common divisor of v and l.
15
Let x(v) = 5*v - 3. Let u be x(3). Let l be (54/4)/((-6)/u). Let k be ((-18)/l)/(2/54). Calculate the greatest common factor of k and 27.
9
Let w(v) = v**2 - v - 9. Let z be w(-3). Let y be (69 - 12) + z/1. Calculate the highest common divisor of 36 and y.
12
Suppose -s + 3*s = 0. Let c be (1 - -9)/(s + 1). Let w be (6 - 1) + (164 - 149). Calculate the highest common factor of w and c.
10
Let z(y) = y**2 - 1. Let h be z(2). Suppose -5*k - 196 = -12*k. Suppose -h*r - 19 = -3*m - 7*r, m = 3*r + k. What is the highest common factor of 143 and m?
13
Suppose 5*b - 4 - 1 = 0, 2*b + 19 = 3*i. Suppose z - i = 3. Suppose -70 = -5*y + 5*r, -3*y + 8 + z = 3*r. What is the highest common divisor of 25 and y?
5
Let v = 43 - -24. Suppose -v = -h - 27. Let w be 56/8 - (-1 - 0). Calculate the greatest common factor of h and w.
8
Let z be 63/(-14)*(-4)/6. Let w = z + -3. Let g be w - -85 - (-2 + 3). What is the highest common divisor of 12 and g?
12
Let k = 755 + -552. Calculate the greatest common divisor of 87 and k.
29
Let p be -3 + 6 - 3 - 2. Let r be (6 - 6)/(p - -4). Suppose 4*k - 14 - 2 = r. Calculate the greatest common divisor of 4 and k.
4
Let u(j) = -j**2 - 69*j + 14. Let c be u(-67). What is the highest common factor of 111 and c?
37
Let k(u) = u**2 + 2*u - 5. Let w be k(-4). Let s be 9/(-6)*(-358)/w. Let i = s - 58. What is the highest common divisor of 11 and i?
11
Let t = 126 + -38. Let m = 128 - t. What is the highest common factor of 5 and m?
5
Let j be (2/(-2))/((4 - 5)/5). Suppose -2 = -k - 5*l + 2*l, j*k - 24 = -l. Calculate the highest common divisor of k and 20.
5
Let v(a) be the first derivative of 2*a**3/3 - 3*a**2 + 2*a - 5. Let d be v(4). What is the highest common factor of d and 90?
10
Suppose 0*a + a = -4*c + 7, -3*a = 5*c. Suppose 0 = -c*x + 15, -66 = -3*v - v - 2*x. Calculate the highest common factor of 126 and v.
14
Suppose -3*v + 8*v = 35. Let m(q) = 3*q**2 - q - 1. Let z be m(8). Let w = z + -127. Calculate the highest common divisor of w and v.
7
Suppose -3*m = -13*m + 1080. Suppose -r + 4*u = -m, 3 - 7 = -2*u. Calculate the greatest common divisor of r and 29.
29
Suppose 20 = 10*w - 6*w. Suppose 4 = 4*s - 12, 0 = w*d - s - 86. What is the highest common divisor of 18 and d?
18
Let j = 1